e of j**4/6 + 3*j**2/2 - 3*j - 4. Let a(o) be the first derivative of i(o). What are the prime factors of a(3)?
3, 7
Suppose 1 = -6*n - 23. Let f be (-3 + 0 - n)*-1. List the prime factors of (f + 0)*-3 - -27.
2, 3, 5
Let c(i) = -i**3 - 2*i**2 + 7*i. Let t be c(-4). Suppose 0 = -3*p + 2*n + 159, -3*n - n = -t*p + 216. List the prime factors of p.
3, 17
Suppose 43*m = -27*m + 251510. What are the prime factors of m?
3593
Let z(b) = b - 6. Let w be z(8). Suppose -w*x + 7*x = 35. What are the prime factors of x?
7
Suppose 6*w = 5*w + 342. Let q = -163 + w. List the prime factors of q.
179
Suppose 0*r - 2*r + 3 = 5*t, 0 = -2*t - 3*r - 1. Let d(m) = -141*m. Let i be d(t). List the prime factors of 2/(-4) + i/(-6).
23
Let d = -389 - -752. List the prime factors of d.
3, 11
Suppose 5*z + 3 = 28. Suppose -315 = -z*q + 170. List the prime factors of q.
97
Suppose -117*z = -112*z + 40. Let g(d) = -24*d + 14. List the prime factors of g(z).
2, 103
Suppose -4 = 2*z + 2*z. Suppose 3*g + 5 = 2. What are the prime factors of g + (-3)/z + 44?
2, 23
Let q be (-222)/(-3)*(-1)/(-2). Let r = q - 10. What are the prime factors of r?
3
Suppose 6015 = -35*f + 35135. List the prime factors of f.
2, 13
Suppose -3*k + 27 = -5*l, l + 27 = 2*k + k. Suppose u = -0*u + k. List the prime factors of u.
3
Let k(h) = -h**3 - 5*h**2 - 3*h + 60. What are the prime factors of k(-19)?
5171
Let u = -13 + 7. Let k be -28 - (-4)/u*3. List the prime factors of (10/15)/((-4)/k).
5
Let u be 4/5 + (-2443)/35. Let n = -53 - u. What are the prime factors of n?
2
Let c = -203 - -86. What are the prime factors of (-26)/(-2)*c/(-13)?
3, 13
Let j = 12 + 1. Suppose j*y - 244 = 17*y. Let v = -36 - y. List the prime factors of v.
5
Suppose 981 = 3*p + 4*d, -3*p + 700 + 266 = -d. List the prime factors of p.
17, 19
Suppose -3505 - 5286 = -5*y - 4*n, 0 = -5*y + 5*n + 8800. List the prime factors of y.
1759
List the prime factors of 2792/(-24)*-3*1.
349
Let x(s) = s**3 - 4*s**2 - 17*s + 41. What are the prime factors of x(9)?
293
Let s(o) = -o**3 + 3*o**2 - 4*o + 1. Let f be s(5). List the prime factors of ((-4)/6)/(2/f).
23
Let r(o) = 2*o**2 - 23*o - 23. List the prime factors of r(-8).
17
Let p = -4839 - -6819. List the prime factors of p.
2, 3, 5, 11
Let i be (22 - 7) + -1 + 6. Let z(r) = 32*r**2 - 1. Let y be z(-1). Let t = y - i. What are the prime factors of t?
11
Suppose b - 2*b = 5, -2*v = -3*b - 45. Suppose -5*t = 3*y - 9, 4*y = -y + 5*t + v. Let r = y + 2. What are the prime factors of r?
5
Let g(j) be the first derivative of 4/3*j**3 - j - 4 - 1/4*j**4 - 1/2*j**2. List the prime factors of g(3).
5
Let y(m) = m**2 - 10*m - 9. Let a be y(11). Suppose -a*j + 2*h + 7 = -h, -j + 36 = 5*h. Let d = j + -4. List the prime factors of d.
7
Let b(z) = -4*z + 13. Let y be b(4). What are the prime factors of 1/(0 - y/159)?
53
Let u be 108/14 + 2/7. Let l(j) = 5*j**2 + 57*j - 7. Let m(b) = -b**2 - 14*b + 2. Let w(x) = -2*l(x) - 9*m(x). What are the prime factors of w(u)?
2, 7
Let b = -7 - -9. Suppose -6 = -4*f + b*f. Suppose 0 = 2*p + f*p - 80. What are the prime factors of p?
2
Let p(d) = d**2 + 4*d - 7. Let f be p(-6). Suppose u + 15 = f. Let r(n) = -n**3 - 10*n**2 - n + 1. List the prime factors of r(u).
11
Let g(f) = 5*f**2 - 15 - 2 + 7*f + 8. What are the prime factors of g(4)?
3, 11
Let d(c) = -c**3 + 9*c**2 - 8*c - 2. Let x be d(8). Suppose -l + 16 = -m, -3*l + 2*m + 42 = -3*m. Let a = l - x. What are the prime factors of a?
3, 7
Let w(f) = -120*f - 376. What are the prime factors of w(-14)?
2, 163
Suppose 97434 + 79501 = 55*w. List the prime factors of w.
3217
Let n = 520 + -145. List the prime factors of n.
3, 5
Suppose 0*x - 2*x + 5*g + 29 = 0, -2*x = 5*g + 21. Suppose 0 = -2*h - i + 4, -3*h + 5*h = -x*i + 2. Let d = h + 24. List the prime factors of d.
3
Let g(j) = 5*j**2 - 50*j - 36. List the prime factors of g(15).
3, 113
Let t(j) = 389*j - 5. What are the prime factors of t(1)?
2, 3
Suppose 0 = 5*i + 3*s - 506, 498 = -0*i + 5*i - s. Let o = i - 39. What are the prime factors of o?
61
Suppose -4*y + 6 = -18. Suppose 2*z - 1 = -3*t, -2*t + 0 = y. Suppose -z*a = 3*a - 176. List the prime factors of a.
2, 11
List the prime factors of 79 + 6*(-10)/15.
3, 5
Let n be ((-10)/(-8))/(10/(-160)). Let c = n + 28. List the prime factors of c.
2
Let m = -14 - -14. Suppose -20 = -5*h - m*h. Suppose -7*r + h*r = -135. List the prime factors of r.
3, 5
Suppose 5*m - 348 = 77. Suppose 2*p - 30 = 4*z, -5*p = -z + 29 - 14. What are the prime factors of (-154)/z - 34/m?
3, 5
Suppose 16*z - 17*z - 24 = 0. Let g be 6/48 + (-741)/z. Let l = -16 + g. List the prime factors of l.
3, 5
Suppose 31*l - 7932 = 6297. List the prime factors of l.
3, 17
Suppose 3*z - 8 = -z. Let p(j) = j**2 - 6*j + 21. Let y be p(7). Suppose r - y = -z. What are the prime factors of r?
2, 13
Let m(s) = -8*s**2 - 4*s + 12. Let t(r) = 3*r**2 + r - 4. Let g(i) = -4*m(i) - 11*t(i). Let q be g(5). Let h = q - -11. List the prime factors of h.
7
Let g(b) = 28*b + 63. List the prime factors of g(7).
7, 37
Let p = -261 + 378. What are the prime factors of p?
3, 13
Let n(i) = -8*i**2 + 7 - 6 - 3 + i**3. Let t be n(8). What are the prime factors of 2/4 + (-61)/t?
31
Let g be (-1)/(40/(-30)*1/16). Suppose -11*s = -g*s + 251. What are the prime factors of s?
251
Suppose 5*a + 2*u = -43 + 148, -5*a = 4*u - 115. List the prime factors of a.
19
Suppose 5185 - 60625 = -132*c. List the prime factors of c.
2, 3, 5, 7
Suppose -155 = h + 66. Let z = -151 - h. Suppose 2*d - 2 = -12, 5*d + z = 3*u. What are the prime factors of u?
3, 5
Let v(r) = 133*r + 14. What are the prime factors of v(5)?
7, 97
Let d(s) = -2*s**3 - 3*s**2 + 5*s + 2. Let x be 0/(-1 - (-1 - 2)). Suppose x = -2*m - 0 - 6. What are the prime factors of d(m)?
2, 7
What are the prime factors of 4/(-10) + (-2912)/(-80)?
2, 3
Let y be 1/(-2)*0/2. Suppose y = 5*s - 3*s - 162. List the prime factors of s.
3
Suppose -14*a = -9*a - 655. Let f = a - 69. List the prime factors of 6/3*f/2.
2, 31
Let i be (-639)/4 - (-15)/(-60). Let c = -43 - i. List the prime factors of c.
3, 13
Suppose -3*k + 7*k = -4. Let l(m) = -m**3 + m**2 + 2*m + 2. Let x be l(k). Suppose 5*c - 4 = -j + 10, 4*j + x*c = 92. List the prime factors of j.
2, 3
Suppose 4086 = 5*w - j + 366, 0 = -4*w + 3*j + 2976. Suppose m = -3*m + w. List the prime factors of m.
2, 3, 31
Suppose 93 + 2283 = 4*s. List the prime factors of s.
2, 3, 11
Suppose 3*h = 4*r + 15, 6 = r - 2*h - 2*h. Let u be (-1 + 0)/((-1)/r). Let p = 3 - u. What are the prime factors of p?
3
Let o = 72 + -14. Suppose -3*x = 17 + o. Let q = x - -80. List the prime factors of q.
5, 11
Suppose 2*t + 43 = -7. Let z = 43 - t. List the prime factors of z.
2, 17
Let w be (-84)/(-15) + -2 + (-4)/(-10). Suppose -243 = -w*b + 61. What are the prime factors of b?
2, 19
Let f be 778/(-6) + 1/(-3). Let w = 238 + f. Suppose 3*o + 5*q - 181 = 0, 2*q = 2*o - q - w. List the prime factors of o.
3, 19
List the prime factors of (-2731 + 3 + 3)*(-9)/9.
5, 109
Suppose -q + 6*q = -4*t + 13, 0 = -4*q - t + 17. Suppose 4 = k, -a + q*k + 226 = 2*a. List the prime factors of a.
2, 41
Suppose 4*k = b - 24, 2*k = 2*b - 15 - 3. Suppose 129 = 3*m + 3*w, b*m + 0*w - 162 = w. List the prime factors of m.
41
Let x = 109 - 110. Let k(a) = -1 + 6*a - 6*a + 38*a**2. List the prime factors of k(x).
37
Let w = -649 - -1611. List the prime factors of w.
2, 13, 37
What are the prime factors of -3*2/51 - 130168/(-136)?
3, 11, 29
Suppose 4258 = -104*m + 106*m. List the prime factors of m.
2129
Suppose 4*x - 1260 - 6940 = 0. List the prime factors of x.
2, 5, 41
Let t be (-5)/10*(2 - -8 - 0). List the prime factors of 1/t*-5 - -145.
2, 73
Let a(b) = -218*b + 83. List the prime factors of a(-10).
31, 73
Suppose -13*l - 4*i + 1349 = -10*l, -4*i = -5*l + 2291. List the prime factors of l.
5, 7, 13
Let a = 2 + 2. Suppose -l = a*f - 189, 873 = 5*l - 2*f - 2*f. What are the prime factors of l?
3, 59
Let w be 10 - ((-2)/10 - (-288)/90). Suppose -w*o + 20 = -1. What are the prime factors of o?
3
Let o(l) = 2*l - 20. Let z be o(10). Suppose -k + 5*y + 188 = -z*k, -4*k - 4*y = -848. What are the prime factors of k?
2, 13
Suppose 411 = -5*s + 4116. List the prime factors of s.
3, 13, 19
Let f(y) = 4*y - 10. Let d be -1 + (